{"id":8524,"date":"2019-05-31T14:19:09","date_gmt":"2019-05-31T14:19:09","guid":{"rendered":"https:\/\/climasol.info\/lloguer-devaporatius\/"},"modified":"2026-04-27T09:59:35","modified_gmt":"2026-04-27T09:59:35","slug":"lloguer-evaporatius","status":"publish","type":"page","link":"https:\/\/climasol.info\/ca\/hosteleria\/lloguer-evaporatius\/","title":{"rendered":"Lloguer d\u2019evaporatius"},"content":{"rendered":"<p>[et_pb_section fb_built=&#8221;1&#8243; _builder_version=&#8221;3.22.3&#8243;][et_pb_row _builder_version=&#8221;3.22.3&#8243; background_size=&#8221;initial&#8221; background_position=&#8221;top_left&#8221; background_repeat=&#8221;repeat&#8221;][et_pb_column type=&#8221;4_4&#8243; _builder_version=&#8221;3.0.47&#8243;][\/et_pb_column][\/et_pb_row][\/et_pb_section][et_pb_section fb_built=&#8221;1&#8243; _builder_version=&#8221;3.23.3&#8243;][et_pb_row _builder_version=&#8221;3.23.3&#8243;][et_pb_column type=&#8221;1_2&#8243; _builder_version=&#8221;3.23.3&#8243;][et_pb_image src=&#8221;http:\/\/climasol.info\/app\/uploads\/2019\/12\/evaportativa.jpg&#8221; _builder_version=&#8221;3.23.3&#8243; max_height=&#8221;800px&#8221;][\/et_pb_image][\/et_pb_column][et_pb_column type=&#8221;1_2&#8243; _builder_version=&#8221;3.23.3&#8243;][et_pb_text admin_label=&#8221;Texto&#8221; _builder_version=&#8221;3.19.3&#8243;]<\/p>\n<h3>Lloguer d\u2019evaporatius<\/h3>\n<p>Amb el nou sistema climatitzador evaporatiu <strong>Breezair<\/strong> podr\u00e0 convertir la calor vergonyosa de l&#8217;estiu en una agradable i fresca brisa.<br \/>Aquest sistema climatitzador \u00e9s el m\u00e8tode m\u00e9s efica\u00e7 i econ\u00f2mic del mercat per garantir la confortabilitat dels convidats.<\/p>\n<p>El sistema <strong>Breezair <\/strong>refreda l&#8217;aire que entra de l&#8217;exterior i expulsa l&#8217;aire calent de l&#8217;interior sense afegir olors nocius.<\/p>\n<ul>\n<li>Ideal per a carpes, terrasses, hotels, restaurants, discoteques, grans superf\u00edcies, c\u00e0terings, productores, empreses organitzadores d\u00b4actes, etc\u2026<\/li>\n<li>\u00c9s silenci\u00f3s, econ\u00f2mic, lleuger, aut\u00f2nom i no necessita instal\u00b7laci\u00f3.<\/li>\n<li>Condicionador evaporatiu m\u00f2bil.<\/li>\n<li>Amb un m\u00ednim consum i aplicant la tecnologia m\u00e9s avan\u00e7ada aconsegueix vers\u00e0tilment refrescar espais oberts on els altres sistemes no pot.<\/li>\n<li>Capacitat de dep\u00f2sit de 100 litres amb una autonomia de fins a 8 hores.<\/li>\n<li>Motor de velocitat variable de 220 v.<\/li>\n<li>Cos de pl\u00e0stic amb garantia de 25 anys.<\/li>\n<li>Entrada de connexi\u00f3 daigua permanent.<\/li>\n<\/ul>\n<div id=\"main\" style=\"float: left;width: 100%\">\n<div id=\"left\" style=\"float: left;width: 40%\" align=\"left\">\n<p><strong>Especificacions<\/strong><\/p>\n<p>Amplada(mm)<\/p>\n<p>Profunditat(mm)<\/p>\n<p>Al\u00e7ada<\/p>\n<p>Pes Net (Kg)<\/p>\n<p>Consum (w)<\/p>\n<p>Capacitat (m3\/h)<\/p>\n<p>Zona actuaci\u00f3(m2)<\/p>\n<\/div>\n<div id=\"center\" style=\"float: left;width: 30%\" align=\"center\">\n<p><strong>mobile90<\/strong>980920<\/p>\n<p>1010<\/p>\n<p>100<\/p>\n<p>550<\/p>\n<p>8.670<\/p>\n<p>90<\/p>\n<\/div>\n<div id=\"right\" style=\"float: left;width: 30%\" align=\"center\">\n<p><strong>mobile120<\/strong>980920<\/p>\n<p>1310<\/p>\n<p>110<\/p>\n<p>750<\/p>\n<p>11.870<\/p>\n<p>120<\/p>\n<\/div>\n<\/div>\n<p>[\/et_pb_text][\/et_pb_column][\/et_pb_row][\/et_pb_section][et_pb_section fb_built=&#8221;1&#8243; _builder_version=&#8221;3.23.3&#8243;][et_pb_row _builder_version=&#8221;3.23.3&#8243;][et_pb_column type=&#8221;4_4&#8243; _builder_version=&#8221;3.23.3&#8243;][et_pb_gallery gallery_ids=&#8221;8521,8522,8523&#8243; show_title_and_caption=&#8221;off&#8221; show_pagination=&#8221;off&#8221; _builder_version=&#8221;3.23.3&#8243; title_font=&#8221;||||||||&#8221; caption_font=&#8221;||||||||&#8221; caption_font_size=&#8221;0px&#8221; pagination_font=&#8221;||||||||&#8221;][\/et_pb_gallery][\/et_pb_column][\/et_pb_row][\/et_pb_section][et_pb_section fb_built=&#8221;1&#8243; _builder_version=&#8221;3.22.3&#8243;][et_pb_row _builder_version=&#8221;3.22.3&#8243; background_size=&#8221;initial&#8221; background_position=&#8221;top_left&#8221; background_repeat=&#8221;repeat&#8221;][et_pb_column type=&#8221;4_4&#8243; _builder_version=&#8221;3.0.47&#8243;][et_pb_text admin_label=&#8221;urls&#8221; _builder_version=&#8221;3.23.3&#8243;]<strong>Sector Hostaleria<\/strong><\/p>\n<ul>\n<li><a href=\"https:\/\/climasol.info\/ca\/hosteleria\/lloguer-destufes-per-a-esdeveniments-i-particulars\/\">Lloguer d\u2019estufes per a esdeveniments i particulars<\/a><\/li>\n<li><a href=\"https:\/\/climasol.info\/ca\/hosteleria\/lloguer-destufes-per-a-la-temporada-dhivern\/\">Lloguer d\u2019estufes per a la temporada d\u2019hivern<br \/><\/a><\/li>\n<li><a href=\"https:\/\/climasol.info\/?page_id=387\">Lloguer de cubs i esferes lluminoses<\/a><\/li>\n<li><a href=\"https:\/\/climasol.info\/ca\/hosteleria\/lloguer-i-venda-de-ventiladors-de-mist-fog\/\">Lloguer i venda de ventiladors de Mist &amp; Fog<\/a><\/li>\n<li><a href=\"https:\/\/climasol.info\/ca\/hosteleria\/lloguer-de-ventiladors-de-recirculacio-daire\/\">Lloguer de ventiladors de recirculaci\u00f3 d\u2019aire<\/a><\/li>\n<li><a href=\"https:\/\/climasol.info\/ca\/lloguer-devaporatius\/\">Lloguer d\u2019evaporatius<\/a><\/li>\n<\/ul>\n<p><strong>Sector Industrial<\/strong><\/p>\n<ul>\n<li><a href=\"\/industrial\/alquiler-y-venta-de-estufas-de-gas\/\">Lloguer i venda d\u2019estufes de gas<\/a><\/li>\n<li><a href=\"\/industrial\/alquiler-y-venta-de-estufas-infrarrojas\/\">Lloguer i venda d\u2019estufes d\u2019infraroigs<\/a><\/li>\n<\/ul>\n<p>[\/et_pb_text][\/et_pb_column][\/et_pb_row][\/et_pb_section]<\/p>\n","protected":false},"excerpt":{"rendered":"<p>Lloguer d\u2019evaporatiusAmb el nou sistema climatitzador evaporatiu Breezair podr\u00e0 convertir la calor vergonyosa de l&#8217;estiu en una agradable i fresca brisa.Aquest sistema climatitzador \u00e9s el m\u00e8tode m\u00e9s efica\u00e7 i econ\u00f2mic del mercat per garantir la confortabilitat dels convidats.El sistema Breezair refreda l&#8217;aire que entra de l&#8217;exterior i expulsa l&#8217;aire calent de l&#8217;interior sense afegir olors [&hellip;]<\/p>\n","protected":false},"author":1,"featured_media":0,"parent":8631,"menu_order":0,"comment_status":"closed","ping_status":"closed","template":"","meta":{"_acf_changed":false,"_et_pb_use_builder":"on","_et_pb_old_content":"","_et_gb_content_width":"","footnotes":""},"class_list":["post-8524","page","type-page","status-publish","hentry"],"acf":[],"_links":{"self":[{"href":"https:\/\/climasol.info\/ca\/wp-json\/wp\/v2\/pages\/8524","targetHints":{"allow":["GET"]}}],"collection":[{"href":"https:\/\/climasol.info\/ca\/wp-json\/wp\/v2\/pages"}],"about":[{"href":"https:\/\/climasol.info\/ca\/wp-json\/wp\/v2\/types\/page"}],"author":[{"embeddable":true,"href":"https:\/\/climasol.info\/ca\/wp-json\/wp\/v2\/users\/1"}],"replies":[{"embeddable":true,"href":"https:\/\/climasol.info\/ca\/wp-json\/wp\/v2\/comments?post=8524"}],"version-history":[{"count":7,"href":"https:\/\/climasol.info\/ca\/wp-json\/wp\/v2\/pages\/8524\/revisions"}],"predecessor-version":[{"id":8532,"href":"https:\/\/climasol.info\/ca\/wp-json\/wp\/v2\/pages\/8524\/revisions\/8532"}],"up":[{"embeddable":true,"href":"https:\/\/climasol.info\/ca\/wp-json\/wp\/v2\/pages\/8631"}],"wp:attachment":[{"href":"https:\/\/climasol.info\/ca\/wp-json\/wp\/v2\/media?parent=8524"}],"curies":[{"name":"wp","href":"https:\/\/api.w.org\/{rel}","templated":true}]}}

<p>[et_pb_section fb_built=&#8221;1&#8243; _builder_version=&#8221;3.22.3&#8243;][et_pb_row _builder_version=&#8221;3.22.3&#8243; background_size=&#8221;initial&#8221; background_position=&#8221;top_left&#8221; background_repeat=&#8221;repeat&#8221;][et_pb_column type=&#8221;4_4&#8243; _builder_version=&#8221;3.0.47&#8243;][/et_pb_column][/et_pb_row][/et_pb_section][et_pb_section fb_built=&#8221;1&#8243; _builder_version=&#8221;3.23.3&#8243;][et_pb_row _builder_version=&#8221;3.23.3&#8243;][et_pb_column type=&#8221;1_2&#8243; _builder_version=&#8221;3.23.3&#8243;][et_pb_image src=&#8221;http://climasol.info/app/uploads/2019/12/evaportativa.jpg&#8221; _builder_version=&#8221;3.23.3&#8243; max_height=&#8221;800px&#8221;][/et_pb_image][/et_pb_column][et_pb_column type=&#8221;1_2&#8243; _builder_version=&#8221;3.23.3&#8243;][et_pb_text admin_label=&#8221;Texto&#8221; _builder_version=&#8221;3.19.3&#8243;]</p>
<h3>Lloguer d’evaporatius</h3>
<p>Amb el nou sistema climatitzador evaporatiu <strong>Breezair</strong> podrà convertir la calor vergonyosa de l&#8217;estiu en una agradable i fresca brisa.<br />Aquest sistema climatitzador és el mètode més eficaç i econòmic del mercat per garantir la confortabilitat dels convidats.</p>
<p>El sistema <strong>Breezair </strong>refreda l&#8217;aire que entra de l&#8217;exterior i expulsa l&#8217;aire calent de l&#8217;interior sense afegir olors nocius.</p>
<ul>
<li>Ideal per a carpes, terrasses, hotels, restaurants, discoteques, grans superfícies, càterings, productores, empreses organitzadores d´actes, etc…</li>
<li>És silenciós, econòmic, lleuger, autònom i no necessita instal·lació.</li>
<li>Condicionador evaporatiu mòbil.</li>
<li>Amb un mínim consum i aplicant la tecnologia més avançada aconsegueix versàtilment refrescar espais oberts on els altres sistemes no pot.</li>
<li>Capacitat de depòsit de 100 litres amb una autonomia de fins a 8 hores.</li>
<li>Motor de velocitat variable de 220 v.</li>
<li>Cos de plàstic amb garantia de 25 anys.</li>
<li>Entrada de connexió daigua permanent.</li>
</ul>
<div id="main" style="float: left;width: 100%">
<div id="left" style="float: left;width: 40%" align="left">
<p><strong>Especificacions</strong></p>
<p>Amplada(mm)</p>
<p>Profunditat(mm)</p>
<p>Alçada</p>
<p>Pes Net (Kg)</p>
<p>Consum (w)</p>
<p>Capacitat (m3/h)</p>
<p>Zona actuació(m2)</p>
</div>
<div id="center" style="float: left;width: 30%" align="center">
<p><strong>mobile90</strong>980920</p>
<p>1010</p>
<p>100</p>
<p>550</p>
<p>8.670</p>
<p>90</p>
</div>
<div id="right" style="float: left;width: 30%" align="center">
<p><strong>mobile120</strong>980920</p>
<p>1310</p>
<p>110</p>
<p>750</p>
<p>11.870</p>
<p>120</p>
</div>
</div>
<p>[/et_pb_text][/et_pb_column][/et_pb_row][/et_pb_section][et_pb_section fb_built=&#8221;1&#8243; _builder_version=&#8221;3.23.3&#8243;][et_pb_row _builder_version=&#8221;3.23.3&#8243;][et_pb_column type=&#8221;4_4&#8243; _builder_version=&#8221;3.23.3&#8243;][et_pb_gallery gallery_ids=&#8221;8521,8522,8523&#8243; show_title_and_caption=&#8221;off&#8221; show_pagination=&#8221;off&#8221; _builder_version=&#8221;3.23.3&#8243; title_font=&#8221;||||||||&#8221; caption_font=&#8221;||||||||&#8221; caption_font_size=&#8221;0px&#8221; pagination_font=&#8221;||||||||&#8221;][/et_pb_gallery][/et_pb_column][/et_pb_row][/et_pb_section][et_pb_section fb_built=&#8221;1&#8243; _builder_version=&#8221;3.22.3&#8243;][et_pb_row _builder_version=&#8221;3.22.3&#8243; background_size=&#8221;initial&#8221; background_position=&#8221;top_left&#8221; background_repeat=&#8221;repeat&#8221;][et_pb_column type=&#8221;4_4&#8243; _builder_version=&#8221;3.0.47&#8243;][et_pb_text admin_label=&#8221;urls&#8221; _builder_version=&#8221;3.23.3&#8243;]<strong>Sector Hostaleria</strong></p>
<ul>
<li><a href="https://climasol.info/ca/hosteleria/lloguer-destufes-per-a-esdeveniments-i-particulars/">Lloguer d’estufes per a esdeveniments i particulars</a></li>
<li><a href="https://climasol.info/ca/hosteleria/lloguer-destufes-per-a-la-temporada-dhivern/">Lloguer d’estufes per a la temporada d’hivern<br /></a></li>
<li><a href="https://climasol.info/?page_id=387">Lloguer de cubs i esferes lluminoses</a></li>
<li><a href="https://climasol.info/ca/hosteleria/lloguer-i-venda-de-ventiladors-de-mist-fog/">Lloguer i venda de ventiladors de Mist &amp; Fog</a></li>
<li><a href="https://climasol.info/ca/hosteleria/lloguer-de-ventiladors-de-recirculacio-daire/">Lloguer de ventiladors de recirculació d’aire</a></li>
<li><a href="https://climasol.info/ca/lloguer-devaporatius/">Lloguer d’evaporatius</a></li>
</ul>
<p><strong>Sector Industrial</strong></p>
<ul>
<li><a href="/industrial/alquiler-y-venta-de-estufas-de-gas/">Lloguer i venda d’estufes de gas</a></li>
<li><a href="/industrial/alquiler-y-venta-de-estufas-infrarrojas/">Lloguer i venda d’estufes d’infraroigs</a></li>
</ul>
<p>[/et_pb_text][/et_pb_column][/et_pb_row][/et_pb_section]</p>

<p>Lloguer d’evaporatiusAmb el nou sistema climatitzador evaporatiu Breezair podrà convertir la calor vergonyosa de l&#8217;estiu en una agradable i fresca brisa.Aquest sistema climatitzador és el mètode més eficaç i econòmic del mercat per garantir la confortabilitat dels convidats.El sistema Breezair refreda l&#8217;aire que entra de l&#8217;exterior i expulsa l&#8217;aire calent de l&#8217;interior sense afegir olors [&hellip;]</p>
